lculate 0 - 10 - (40 + -52).
2
Calculate (-3 - (-1 - 3)) + (10 - 10).
1
What is 2 - (-4 - (9 - ((1 - 4) + 10)))?
8
What is (-23 + 18 - (-2 + 1)) + (4 - 6)?
-6
Evaluate (4 - 14) + 2 + 2.
-6
8 - (10 + 6 - 10)
2
What is the value of (-3 - -25) + (4 - (9 + -7))?
24
What is (32 - 27) + 25 + (12 - 28)?
14
What is the value of 43 + -9 + -29 + (11 - 1)?
15
Calculate -2 - (-2 + -6) - 6 - (1 + -12).
11
Calculate ((-1 - 10) + 0 - (-1 - 1)) + -2.
-11
What is the value of -3 + -77 + 41 + 71?
32
What is 1 + 16 + 129 + -142?
4
What is the value of -43 + -12 - -39 - (-35 - 2)?
21
Calculate -9 + -5 + 31 + -12.
5
Evaluate 10 + -2 + -50 + 23 - -9.
-10
Evaluate 13 + (-1 - (-7 + (3 - (-4 - 0)))).
12
Calculate -5 - -2 - ((-3 - (5 - 0)) + -5).
10
What is the value of -5 + -4 - (20 + -1 + (72 - 77))?
-23
Calculate -21 - (538 - 536 - (1 + (-1 - -1))).
-22
Calculate (21 - (-4 + 7)) + -6.
12
(-2 + -21 - (-112 - -99)) + 10
0
Evaluate 1 - ((-12 - -25) + -5) - 2.
-9
Calculate 1 - -8 - (-6 + 2) - (8 + -1).
6
Calculate (9 - -2 - (1 + 6) - 6) + -9.
-11
Calculate -2 - (-4 - 2 - -24 - 9).
-11
-2 + 21 - (-16 + 24)
11
2 - -26 - (98 - 84)
14
Calculate -5 + (0 - (1 - (-4 + 5)) - 5).
-10
Calculate -8 - (-8 - 1 - -2) - (1 + 1).
-3
2 - ((2 + -20 - -28) + -20)
12
Evaluate 30 + -9 + -13 + 1.
9
Calculate -57 + -20 + 56 - -2.
-19
(-3 - 0) + (-2 - -8)
3
7 + (2 - 2) + (2 - (-1 - -1))
9
6 + -19 + 8 - (3 - 25)
17
What is the value of 3 + (4 - (2 - -1) - (4 - 11))?
11
Evaluate -2 + (-14 - (-4 + -13)).
1
18 + -29 + (11 - (-3 - 0))
3
What is ((-10 - -23) + -11 - 3) + -14?
-15
What is the value of 12 + -7 + 3 + -17 + 7 + 18?
16
What is 3 + 23 + (-14 - 7) + 10?
15
Calculate -24 + 14 + -8 + 3 + -5.
-20
Evaluate -5 - ((2 - 20) + 7).
6
What is 8 - -1 - (-178 + 193)?
-6
-23 - 22 - -12 - (-12 + 3 + 1)
-25
What is -12 + (90 - (-37 + 83))?
32
What is the value of 4 + (-3 - (4 - -1 - (-44 - -47)))?
-1
-16 + (-51 - -60) + 13 + -1
5
Calculate (-4 - (-3 - -12)) + 20 + 0 + -20.
-13
Calculate -36 - ((-22 - -38) + -70).
18
Evaluate -143 + 140 + -3 + -3 + 38.
29
776 + -821 - (-23 + 0)
-22
Calculate -5 + 3 + -6 + (4 + -9 - -9).
-4
What is (2 - -23) + 87 + -99 + 19?
32
3 + (46 - 2) + -25
22
What is the value of (-17 - -1 - -9) + (2 - 5)?
-10
What is -7 - 3 - (2 - -1 - 12)?
-1
What is the value of -10 - (3 + -5) - (10 - 1)?
-17
-10 - (18 + -18 + -24)
14
What is (5 - -33) + (262 - 316)?
-16
Evaluate (34 - (-15 - -25)) + -26.
-2
Calculate 1 + (13 - -16) + -16 + -26.
-12
What is 2 + (-2 - 6) + 0 - -5?
-1
Evaluate (12 - (16 + -13)) + 1 + (0 - 6).
4
-13 + 10 - (-4 - -9) - (-9 - -2)
-1
Evaluate -60 + 65 - (0 + 4 - (-13 + -9)).
-21
What is the value of 2 + -11 + (7 - -1) + 15?
14
Calculate 5 - (2 - (10 + -17)) - 1.
-5
Evaluate (32 - (35 + -15)) + -17.
-5
Evaluate (-20 - 1) + (-107 - -122).
-6
-60 + 30 + -1 + 48
17
-46 + 27 + (16 - 10)
-13
Calculate 0 - -8 - 4 - (5 + -4).
3
Calculate 20 + -10 + 10 + -9 + 8.
19
What is 38 - (12 + 23 + -13)?
16
Evaluate 43 + -20 + 12 + -24.
11
What is -1 + -4 + 7 + 7?
9
What is the value of (691 - 711) + -1 + 30?
9
What is the value of 1 + 7 + 19 + 4 + -15?
16
What is (30 - 33) + (2 - 4) - (-3 + -24)?
22
2 + (10 - -23 - 26)
9
-4 - (-59 + 56 + 0 + 1) - -1
-1
34 + -31 + (-3 - -5) + 4
9
Evaluate -2 - ((-14 - -18) + -24).
18
10 + 7 + -23 + -2 + (-5 - -11)
-2
What is -6 + 17 + -11 + 4 + 8?
12
What is the value of 2 - (-3 + -3 - -4) - (-8 - -3)?
9
What is the value of (99 - 103) + -21 + (-5 - (0 - 5))?
-25
Evaluate -38 - 1 - (-61 - -51) - -13.
-16
Calculate -9 - (-17 + 0 - (83 + -77)).
14
0 + (-7 - (1 + -10 - (-40 - -60)))
22
Evaluate 16 + -1 - (-41 - -59).
-3
What is -8 - (-1 - (19 + 5))?
17
Evaluate 17 + -48 + 20 - -23.
12
Calculate 7 - (61 - 17) - -23.
-14
Calculate 0 + -7 + (-1 + 6 + -2 - -1).
-3
Evaluate -12 - (-52 + 48) - (-1 - (1 - 0)).
-6
What is the value of -23 + 3 + 2 + -7 - (15 + -9)?
-31
What is the value of 22 - (18 - -1) - -15?
18
What is (-5 - (-15 + 6)) + 2 + -2?
4
What is -222 - -230 - (-2 - 23)?
33
What is the value of -7 - -1 - (-437 - -411)?
20
Evaluate 0 + 17 + -2 - (10 + -4).
9
What is the value of (-14 - -31) + -4 - 22?
-9
What is the value of 42 - -1 - (-182 + 196)?
29
(1 - (-2 + -3)) + -140 + 127
-7
What is the value of 5 + -9 + 7 + 13 + 14?
30
What is the value of 8 + 0 + -59 + 48 - (7 - -1)?
-11
What is the value of 130 + -120 + (0 + -3 - -2) + 12?
21
6 + -11 - (-6 - (3 + -3)) - -17
18
Evaluate -2 - (-6 + 23 - 13).
-6
Evaluate 3 + (-11 - (-1 + -12)) + 1.
6
Calculate -3 - (7 - (-8 + 23 + 1)).
6
What is the value of 70 + -41 + -63 + -1?
-35
1 + -15 + 25 + -35
-24
What is 154 + -129 - (2 + 3)?
20
What is the value of (7 - (26 - 8)) + 9 - 7?
-9
What is -23 + (6 - -11) - -17?
11
What is the value of -1 + -14 - (1110 + -1144)?
19
(2 - 12) + (9 - -1) + (83 - 86)
-3
What is the value of (7 - 16 - 3) + 10 - (-4 - 1)?
3
-3 + 5 + 15 + -18
-1
Evaluate 387 + -397 - (13 - 1).
-22
Calculate -1 - -8 - 9 - (-8 - 4).
10
What is -1 + (-2 - -5) + -3 + 5 + -12?
-8
What is the value of -5 - (2 + 6 + -27)?
14
What is -2 + 21 + -17 + 0?
2
What is the value of 3 + 6 + -37 + 15 + 5 + -1?
-9
Evaluate -9 - ((-194 - -200) + -2 + -3 + -14).
4
What is the value of -4 + 10 - (1 - 3) - (44 + -48)?
12
Calculate -16 + (-1 - -6 - 7).
-18
What is -1 + -22 + 13 + 16?
6
5 + -2 - (-17 - (-9 - 13))
-2
What is the value of -5 + (29 - 14 - -11) - 15?
6
31 + 1 - (4 - 2 - -14)
16
Calculate -8 + -16 - -7 - (-21 - -2).
2
Evaluate -34 - (4 + (-8 - -1 - (34 - 35))).
-32
8 + (17 - 12) + -21
-8
What is 139 - 142 - (0 + 2 + 6)?
-11
7 + (-2 - 2) - (2 - 9)
10
Calculate 12 - (0 - (17 + -20)) - (1 - -3).
5
Calculate -3 + 0 + -37 - (-307 - -292).
-25
Evaluate 11 + (5 - 2) - -6 - (4 + 1).
15
What is -5 - (16 - (-1 + 14))?
-8
Evaluate (-11 - 8 - -11) + 17.
9
12 + (-15 + -9 - -5)
-7
What is the value of 8 + 0 + (-43 + 29 - (-17 - -2))?
9
Evaluate 36 - 28 - -18 - 32.
-6
What is the value of 310 - 305 - (1 + -1 + 4 + -18)?
19
Calculate -11 + -9 + (9 - 17 - -20).
-8
Calculate -23 + 20 + (-26 - -30).
1
Calculate 0 - -1 - (-75 + 72) - (-5 - -17).
-8
-16 - (-164 - -174 - (0 + -5))
-31
5 - 2 - 10 - 20
-27
(-13 - -4) + 20 + -6 + -1 + -5
-1
What is 6 + (3 + -9 - (17 + -7))?
-10
What is (45 + -32 - -7) + -4?
16
What is the value of 4 - (-11 + (-7 - -15))?
7
Calculate -6 - (11 - (12 + 3)).
-2
Evaluate -7 - (5 - (0 + 30)) - -6 - 4.
20
Evaluate -6 + (63 - 44) + (0 - -2).
15
What is the value of 2 + -7 + 10 + -11 - -27?
21
What is the value of 133 + -149 - (-2 + 7 - -1)?
-22
What is 40 + -45 + (5 - -9 - 5)?
4
What is (-63 - (17 - 63)) + 8 + 0?
-9
What is the value of -17 + 6 + -15 - -22 - (-1 - -15)?
-18
What is 16 + 0 - (138 + -128)?
6
Evaluate -48 - -2 - (-177 - -149).
-18
Evaluate 2 - ((4 - 0) + 42 + -50).
6
Calculate 4 + -11 + -2 + 18.
9
Calculate (-8 - (-11 - 8)) + (-56 - -61).
16
What is 1 - (36 - (1 - -27))?
-7
Evaluate (-5 + -3 - -8) + (6 - 5) + -5.
-4
What is (-4 - (26 - 35)) + -40?
-35
What is (0 - -2) + (11 - 0) - (194 + -190)?
9
What is -8 + 7 + (4 + -11 - -4)?
-4
Evaluate (-5 - -2) + 18 - -1.
16
Evaluate 3 + (20 - (34 + -17)).
6
Calculate 45 - (8 + 18 - (19 - 2)).
36
What is the value of -309 + 312 + (-5 + 4 - 11)?
-9
What is the value of -3 + -1 + (1 - 7) + 4 + -1?
-7
What is the value of -14 - (-15 + 27 + -6)?
-20
-3 + -1 + 8 + (13 - 29)
-12
What is 20 + -4 + 12 + 4 - (15 + -9)?
26
What is 39 + -65 + (8 - -43)?
25
What is -504 + 514 + (0 - 0)?
10
What is 9 - (2 - -2 - -2 - 11)?
14
Calculate (-70 - 0) + 18 + 19.
-33
Evaluate -10 - (-8 + 0) - (5 - (6 + 9)).
8
-5 - (-7 + -11 + 1 + 2)
10
What is 3 + (-15 - -9 - 18)?
-21
What is -42 + (16 - (-14 - -20)) + 10?
-22
Evaluate -3 - ((5 - 2) + (-113 - -121)).
-14
What is the value of (3 + -2 - -3) + (9 - 4)?
9
(-14 - -11) + (0 - (1 + (-1 - 1)))
-2
What is the value of -2 + 3 + -7 + 5 + -7 + 4?
-4
Evaluate -18 + 11 + 0 + (8 - -4).
5
What is the value of -8 - 4 - (-21 + (-12 - -36))?
-15
Calculate 39 - (-1 - 0) - ((-57 - -40) + 27).
30
Evaluate (-21 - (-13 - 7)) + 15.
14
Calculate (16 - 50) + 56 - -6.
28
(-12 + 1 - (-8 + -4) - -7) + -31
-23
Evaluate -2 - ((6 - (-7 + 14)) + -2) - -9.
10
What is the value of 29 - (8 + -1 - -1) - -4?
25
Calculate 15 - (27 + 8 + -22 - 4).
6
What is the value of 7 - (4 + 1 - (2 - (-3 + -2)))?
9
What is the value of (1 - 9 - (-14 + 2)) + -2 + 1?
3
What is th